mainder when 40 - (-2714)/(-69) - 134/(-6) is divided by p.
2
Let j be (1 - 1 - -2) + 1. Suppose -2*q = 3*v - 6*v - 16, -j*q - 3*v + 54 = 0. What is the remainder when 208 is divided by q?
12
Let n(d) = -7*d + 10. Let m be n(2). Let p be m - (13 + -2 + 3). Let z = 96 + p. Calculate the remainder when z is divided by 27.
24
Suppose 32 = -0*s + s. What is the remainder when 12 - 9 - (-92 + 17 + -5) is divided by s?
19
Calculate the remainder when 2658 is divided by ((-4)/18*12 + (-18)/(-3))*42.
138
Let m(f) be the first derivative of 3*f**2 - 12*f + 9. Let u be m(3). Calculate the remainder when (u/(-6))/(-1 - 37/(-38)) is divided by 8.
6
Suppose 4*d - 3*u - 8915 = 0, 37 = 4*u + 41. Suppose -d = -11*k + 2359. What is the remainder when k is divided by 15?
12
Let k = 1065 - 814. Calculate the remainder when k is divided by (0 - 1)*(-7)/((-35)/(-60)).
11
Let y = 856 - 720. What is the remainder when 106 is divided by 1/((-121)/22) + y/22?
4
Let b be 0 + -2 + (-4 - -7). Let h = b - -33. Suppose 4*q + v = 73, 2*q - 75 = -2*q - 3*v. What is the remainder when h is divided by q?
16
Suppose 3*z - 14*f = -17*f + 66, 2*z - 4*f = 20. Suppose 0 = -23*o + z*o + 300. What is the remainder when o is divided by 52?
8
What is the remainder when (-1)/(-10)*0 + 492 - 12 is divided by 473?
7
Let t(a) = -7*a + 476. What is the remainder when t(-123) is divided by 277?
229
Let m = 112 + 243. Let v = m - 246. What is the remainder when v is divided by 22?
21
Let k = 78 - 123. Let c be (-50)/4*18/k. Suppose 0 = -c*v + 52 - 7. What is the remainder when v is divided by 5?
4
Let w(a) = 53*a - 37. Let n be w(2). Suppose -4*r = -2*x + 60, 7*x + r = 4*x + n. What is the remainder when 81 is divided by x?
9
Let o = 27611 - 27187. Calculate the remainder when 860 is divided by o.
12
Suppose d + 4*i - 4812 = 0, -2*d - 6*i = -8*i - 9584. Calculate the remainder when d is divided by 20.
16
Let v = 2750 - 2497. What is the remainder when v is divided by 37?
31
Suppose -2*z + 4*o = -90, 0 = -5*o + 7*o + 14. What is the remainder when 565 is divided by z?
7
Calculate the remainder when 876 is divided by 6/(-66) - (1665/110 - 4)*-8.
75
Let q = -5591 - -5773. What is the remainder when 421 is divided by q?
57
Suppose -10 = -3*b + 5*n, 3*b + 18*n - 20*n = -5. Calculate the remainder when 128 is divided by (-185)/b + 2 + 6.
38
Let d = -16451 - -16620. Suppose 0 = 4*s - 0*s - 172. Calculate the remainder when d is divided by s.
40
Let x(o) = -24*o + 8. What is the remainder when (-28 - -34)*5/8*(109 + -5) is divided by x(-2)?
54
Let j(s) = 3*s**2 - 5*s + 19. Suppose 0 = -46*m + 41*m + 4*n + 3, -15 = -m - 4*n. Calculate the remainder when 214 is divided by j(m).
28
Let l(f) = -8*f - 16. Let p be l(18). Calculate the remainder when 37 is divided by ((-15)/10)/(3 - (-495)/p).
5
Suppose -1129*s + 6 = -1131*s - 2*h, 3*s + 8 = -4*h. Let c be 1/(-3) - (-128)/6. Let r = c + s. Calculate the remainder when 57 is divided by r.
6
Let y = -14610 + 14754. What is the remainder when 233 is divided by y?
89
Suppose 36 = 2*o + 4*h + h, -3*o + 4 = -5*h. Suppose 0 = -o*x + 4 - 468. Calculate the remainder when 25 is divided by x/(-8) - 20/80.
4
Suppose -1220*w + 4*t - 464 = -1224*w, 350 = 3*w + 5*t. What is the remainder when w is divided by 36/(1/(-1 + 2))?
7
Suppose 5*m + 5*s + 30 = 0, -s = -8*m + 4*m + 1. Calculate the remainder when (48/(-20))/(3/130*m) is divided by 57.
47
Suppose 22*q + 2*b = 16*q + 11106, 0 = -3*q + b + 5541. What is the remainder when q is divided by 62?
51
Let z(c) = -1693*c + 16967. Calculate the remainder when z(10) is divided by (-1)/(-4) - (-118)/8.
7
Suppose 22281 - 69261 = -116*x. What is the remainder when x is divided by 11?
9
Let m(f) = -f**2 + 6*f - 1. Let q be 8/3*(-20)/(-16)*-6. Let u be ((-6)/(-12))/((-2)/q). What is the remainder when 18 is divided by m(u)?
2
Let p be (-3)/(12/32*-2). Suppose -4*g + h - 3*h + 284 = 0, -p*h + 154 = 2*g. What is the remainder when g is divided by (25/9 - (-18 + 21)) + (-110)/(-9)?
9
What is the remainder when 48 is divided by 1190/(-770)*55/(-5)?
14
Calculate the remainder when (-6)/10 - 342/(-1520) - 346310/(-16) is divided by 79.
77
Suppose -2*h + 4*t = 5*t - 43, 4*h - 106 = 2*t. Suppose 2*q = 134 - 82. What is the remainder when q is divided by h?
2
Suppose 17*b - 4 = 81. Suppose 0 = 5*d - 2*p - 85, p - b = 2*p. Calculate the remainder when d is divided by 3.
0
Let w(q) = 5*q. Let b(v) = v**3 + 2*v**2 - 81*v + 11. Let l be b(8). Calculate the remainder when w(l) is divided by (6 + 0)/(0 + 1).
3
Suppose 480 = 67*f - 592. Calculate the remainder when 4669 is divided by f.
13
Calculate the remainder when 929 is divided by (-2972)/(-10) + 25/(2875/92).
35
Let i(a) = -a**3 + 17*a + 156. Calculate the remainder when 203 is divided by i(6).
35
Suppose 0 = -3*y - 527 + 128. Let l = y - -247. Calculate the remainder when l is divided by 40.
34
Let l = 73 - 74. What is the remainder when 58 is divided by (-4 + (-49)/(-14))/(l/38)?
1
What is the remainder when 6 + -1*(-81 - 2) is divided by 66?
23
Suppose -215 + 25 = 5*o. Suppose u + l = -41, 2*l - 196 = 4*u - 2*l. Let c = o - u. Calculate the remainder when 19 is divided by c.
5
Let y be (-4860)/50 - ((-12)/(-15) + -1). Let a = 137 + y. Calculate the remainder when 28 is divided by (-1)/((-14)/a + (-3)/(-12)).
8
Let a(i) = 39*i**2 - 15*i + 3. Let r be a(6). Suppose 17*z - r = 5279. What is the remainder when z is divided by 6?
4
Suppose 4*b + 186*w = 183*w + 59, 0 = b - 4*w - 10. What is the remainder when 36 is divided by b?
8
Let u(m) = -269*m**3 + 31*m + 53. Calculate the remainder when u(-5) is divided by 25.
23
Suppose 276 = 6*h + 96. Suppose -522 - 673 = -5*q. Calculate the remainder when q is divided by h.
29
Suppose -15*d - 1092 = -28*d. Calculate the remainder when (d/(-63))/((-32)/(-18) + -2) is divided by 5.
1
Suppose 886 = y - i + 156, 4*i + 3644 = 5*y. What is the remainder when y is divided by 17?
10
Suppose -3*w + 5*d + 82 = 0, -16*w - 3*d + 74 = -9*w. Let k = -4 + 3. Let x(o) = -37*o**3 + o**2 + o + 1. Calculate the remainder when x(k) is divided by w.
10
Suppose -s - 264 = s. Let b = -83 - s. Let o = b + -11. Calculate the remainder when o is divided by 21.
17
Suppose -8400 = -7*c + 736 + 7293. What is the remainder when c is divided by 8?
3
Suppose 4*f = 334 - 10. Calculate the remainder when f is divided by -4 + 8398/204 + 5/6.
5
Let c = -7 - -23. Suppose -48*t = 40*t - 264. Let j = c - t. What is the remainder when 47 is divided by j?
8
What is the remainder when (-111 - -115)*(-23)/(-2) is divided by 31?
15
Let f = 35458 + -33679. Calculate the remainder when f is divided by 104.
11
Let k(x) = -3*x**3 - 10*x**2 - 34*x - 24. What is the remainder when k(-5) is divided by 21?
19
What is the remainder when 3722 is divided by (-132)/(-1980) + 4858/30?
158
Let z be (-6)/1*-3*6/27. Suppose 0 = -z*s + 6 + 222. What is the remainder when 339 is divided by s?
54
Suppose 5*u - 3*u = 8. Let i be (-24)/(-30)*(-2 + u - 7). Let p = 77 + i. What is the remainder when p is divided by 19?
16
Suppose -l + c + 18 = 2, -3*l - 5*c = -48. What is the remainder when l is divided by (-7030)/(-760) - 7/(-4)?
5
Let i(l) = 6*l**3 + 61*l**2 - 21*l - 7. Calculate the remainder when i(7) is divided by 70.
63
Let c = 254 + -596. Let o = -326 - c. Suppose b - 37 = 2*s, -1 = -s - 6. What is the remainder when b is divided by o?
11
Let q(t) = 30*t**3 + 42*t**2 - 13*t - 4. What is the remainder when q(3) is divided by 23?
18
Let b = 27040 + -26875. Calculate the remainder when b is divided by ((-5)/(10/(-76)))/2.
13
Let b(l) = -7*l + 108. Let y be b(15). Suppose -y*s - 9*h + 13*h = -50, 0 = -s - 2*h. Calculate the remainder when s is divided by 6.
4
Let z = -8 + 19. Let m be (-50)/(-1 - 4) - 6. Suppose 4*a + m*c = 7*a - 226, -220 = -3*a - 2*c. Calculate the remainder when a is divided by z.
8
Let x = -3239 + 3265. What is the remainder when 201 is divided by x?
19
What is the remainder when 4/(-44) + (-15)/(-99)*9498 is divided by 40?
39
Let t(c) = 2*c**2 + 50*c + 21. Let m(s) = -2*s**2 - 51*s - 21. Let q(g) = -4*m(g) - 5*t(g). What is the remainder when q(-20) is divided by 8?
3
Let c = 287 - 276. Suppose -2*m - c*a + 7*a = -86, 4*m + 3*a = 182. Suppose -13 = -4*b + 35. Calculate the remainder whe